 - 115*y + 476. Determine p(13).
502
Let h(y) = -92*y**2 + 15999*y + 1575. What is h(174)?
9
Let s(u) = 2*u**3 - 333*u**2 + 1468*u + 1539. What is s(162)?
3159
Let y(a) = 2*a**3 + 76*a**2 + 519*a - 80. Calculate y(-29).
7
Let q(i) = i**3 - 113*i**2 + 231*i - 987. Calculate q(111).
12
Let o(l) = l**3 - 112*l**2 - 1432*l - 3777. What is o(-8)?
-1
Let l(s) = s**2 + 204*s + 8813. What is l(-146)?
345
Let k(x) = 7*x**2 - 360*x - 4390. Calculate k(-12).
938
Let b(x) = -79661*x - 79717. What is b(-1)?
-56
Let r(p) = -2*p**2 + 155*p - 1410. What is r(62)?
512
Let f(j) = 78*j**3 + 2*j**2 - 405*j - 815. Determine f(-2).
-621
Let v(j) = 402*j - 8500. Give v(20).
-460
Let a(z) = 7*z**2 + 1016*z + 8205. What is a(-8)?
525
Let z(m) = m**2 - 320*m + 16917. What is z(253)?
-34
Let t(g) = -18966*g + 777599. What is t(41)?
-7
Let o(j) = -14942*j**2 - 134482*j - 7. Calculate o(-9).
29
Let p(d) = -7826*d - 3748662. Determine p(-479).
-8
Let i(v) = -5*v**3 - v**2 + 108*v + 359. What is i(-3)?
161
Let s(f) = -2*f**2 + 16*f + 385. What is s(11)?
319
Let k(q) = 15*q**3 + 13*q**2 + 29*q - 102. Determine k(-5).
-1797
Let p(d) = d**3 + 25*d**2 - 49*d - 5. Determine p(-27).
-140
Let z(q) = -868*q + 136282. Determine z(157).
6
Let r(c) = -c**2 - 802*c + 34561. Calculate r(41).
-2
Let u(q) = -q**3 - 115*q**2 - 257*q - 16287. Give u(-114).
15
Let f(d) = -d**3 + 2253*d**2 + 18032*d - 447. Calculate f(-8).
1
Let y(w) = -76*w + 8615. Determine y(113).
27
Let g(s) = 7566*s - 15086. Give g(2).
46
Let n(p) = 6289*p - 62848. Determine n(10).
42
Let q(x) = 83*x - 677. Give q(10).
153
Let h(o) = o**3 + o**2 - 202*o + 1615. What is h(9)?
607
Let p(h) = -h**3 + 148*h**2 - 4616*h + 4364. What is p(43)?
21
Let h(u) = -170*u + 18361. Give h(108).
1
Let l(r) = -r**3 + 40*r**2 - 169*r - 400. What is l(35)?
-190
Let d(h) = -198*h - 46919. What is d(-224)?
-2567
Let p(c) = c**3 + 53*c**2 + 327*c - 195. Calculate p(-46).
-425
Let a(v) = 10*v**2 + 6167*v + 624458. Determine a(-489).
5
Let j(p) = 181*p**2 - 1182*p - 2162. Calculate j(8).
-34
Let o(x) = x**3 + 39*x**2 + 47*x + 39. What is o(-37)?
1038
Let m(v) = 361*v - 67254. What is m(178)?
-2996
Let x(l) = 72700*l + 72686. Calculate x(-1).
-14
Let c(p) = 7*p**2 - 25210*p - 430607. Calculate c(-17).
-14
Let d(n) = -n**3 - 98*n**2 - 171*n - 27282. Calculate d(-99).
-552
Let o(i) = -i**3 - 13*i**2 + 410*i + 59. Determine o(-27).
-805
Let p(w) = -w**3 - 36*w**2 + 113*w - 223. Give p(-39).
-67
Let r(f) = -9*f**2 + 42*f - 178. Give r(7).
-325
Let r(t) = -100197*t + 6613023. What is r(66)?
21
Let u(x) = x**3 + 13*x**2 + 329*x + 4562. What is u(-13)?
285
Let b(y) = 15511*y - 341256. Determine b(22).
-14
Let b(y) = 3131*y + 203501. Calculate b(-65).
-14
Let y(d) = 416*d**2 + 676*d + 2668. What is y(-4)?
6620
Let v(g) = 60*g + 811. Give v(-26).
-749
Let o(s) = -s**3 + 51*s**2 - 194*s - 1509. Give o(46).
147
Let y(z) = -274*z - 75705. Give y(-275).
-355
Let u(x) = 5289*x**2 - 84627*x + 79. Calculate u(16).
31
Let x(r) = 461*r**2 + 132297*r - 2872. Determine x(-287).
-2
Let r(b) = -11*b**3 + 72*b**2 + 76*b + 103. Give r(9).
-1400
Let l(o) = -30*o**2 - 621*o + 66. Calculate l(-22).
-792
Let p(r) = -4110*r - 44454. Determine p(-12).
4866
Let n(h) = -366*h - 5302. What is n(-13)?
-544
Let y(m) = 2357*m - 1576. Determine y(1).
781
Let g(v) = -v**3 + 56*v**2 + 2483*v - 139575. Give g(55).
15
Let t(q) = 2243*q + 15599. What is t(-7)?
-102
Let x(r) = -3*r**2 - 55*r - 16. What is x(8)?
-648
Let y(k) = 133*k**2 - 1053*k + 1535. Give y(6).
5
Let v(f) = 854*f - 7128. Give v(7).
-1150
Let f(n) = 1059*n - 2004. Give f(3).
1173
Let a(j) = 18082*j + 108475. Give a(-6).
-17
Let f(k) = -47749*k - 716218. Determine f(-15).
17
Let j(s) = 3*s**2 - 67611*s + 4113104. What is j(61)?
-4
Let i(w) = w**3 + 8*w**2 - 119*w + 384. Determine i(4).
100
Let g(k) = 331801*k - 6967802. Calculate g(21).
19
Let u(b) = 18*b - 1060. What is u(16)?
-772
Let v(s) = -8*s**3 + 2462*s**2 + 603*s + 4093. Give v(308).
89
Let l(t) = -t**3 - 57*t**2 - 120*t - 5067. Give l(-57).
1773
Let a(v) = 2*v**3 + 13*v**2 + 56*v + 196. What is a(-4)?
52
Let t(n) = -10423*n + 227. Calculate t(0).
227
Let i(t) = 470*t + 376925. What is i(-802)?
-15
Let a(v) = 2*v**2 + 1321*v - 16013. What is a(12)?
127
Let w(k) = 973*k - 21825. What is w(22)?
-419
Let q(x) = 4051781*x + 4051773. What is q(-1)?
-8
Let p(h) = -2772*h - 1275122. What is p(-460)?
-2
Let z(d) = -10*d + 5549. Determine z(551).
39
Let l(q) = 8*q**2 - 523*q + 3263. Calculate l(7).
-6
Let y(b) = b**2 - 203*b + 3797. Determine y(24).
-499
Let g(w) = -721*w - 30307. Determine g(-43).
696
Let u(q) = -q**2 + 30971*q - 123860. Determine u(4).
8
Let j(f) = -6*f**2 - 1834*f - 102864. What is j(-74)?
-4
Let u(x) = 71*x**3 - 9938*x**2 - 94*x - 26043. What is u(140)?
-3
Let s(f) = 9*f**2 - 45*f - 423. Determine s(-11).
1161
Let c(h) = 93*h**2 + 420*h - 1271. Give c(3).
826
Let s(l) = 2*l**3 - 18*l**2 - 49*l - 35. Calculate s(-2).
-25
Let n(z) = -10*z**2 + 197*z - 948. Calculate n(9).
15
Let z(n) = -4*n**3 - 173*n**2 - 1067*n - 828. Calculate z(-36).
0
Let h(c) = -31*c**2 + 598*c - 10. Give h(-2).
-1330
Let b(u) = u**3 - 24*u**2 + 138*u + 200. Calculate b(20).
1360
Let h(n) = 3*n**3 + 11*n**2 + 926*n + 1833. Give h(-2).
1
Let l(s) = 13697*s - 137689. Give l(10).
-719
Let s(m) = -m**3 + 10*m**2 + 10112*m - 81037. Determine s(8).
-13
Let h(s) = -s**3 - 23*s**2 + 10*s + 202. Give h(-12).
-1502
Let n(k) = -1388*k - 11252. Give n(-8).
-148
Let g(d) = d**3 + 132*d**2 + 634*d + 199. What is g(-127)?
326
Let j(u) = 579*u + 281389. What is j(-486)?
-5
Let t(k) = -262*k**2 + 329*k + 160. Give t(2).
-230
Let i(n) = 3*n**3 - 229*n**2 + 72*n + 432. What is i(76)?
128
Let t(r) = -r**2 - 831*r - 18579. What is t(-23)?
5
Let v(l) = -4*l**2 + 496*l + 2007. Calculate v(-4).
-41
Let s(n) = -2*n**3 + 44*n**2 + 14*n - 307. Calculate s(22).
1
Let t(p) = -585*p**2 + 4130*p - 240. What is t(7)?
5
Let h(n) = -n**2 - 62*n + 72. Determine h(-45).
837
Let z(w) = -411*w - 81786. Determine z(-199).
3
Let c(q) = 2*q**3 - 8*q**2 - 86*q + 48. Calculate c(-5).
28
Let i(z) = z**2 + 39800*z + 397926. Calculate i(-10).
26
Let q(b) = 29347*b - 58710. Give q(2).
-16
Let n(k) = -199*k**3 - 16*k**2 + 5*k. What is n(2)?
-1646
Let q(z) = 538*z + 1996. Determine q(-7).
-1770
Let b(k) = -4*k**3 - 2534*k**2 - 3793*k - 796. Give b(-632).
-164
Let y(r) = -5558*r + 49797. Determine y(9).
-225
Let u(l) = -15*l**2 + 793*l + 14206. Give u(67).
2
Let a(c) = c**2 - 1181*c + 91219. Calculate a(83).
85
Let h(t) = -12660*t - 379813. Determine h(-30).
-13
Let t(d) = -63*d - 4586. Give t(-61).
-743
Let m(h) = h**2 - 82*h + 816. Give m(11).
35
Let i(y) = -1487*y + 50564. Give i(34).
6
Let a(u) = -2*u**3 - 578*u**2 - 1720*u - 499. What is a(-286)?
645
Let b(y) = 2*y**2 + 533*y + 16956. Calculate b(-37).
-27
Let k(c) = -4*c**3 - 130*c**2 + 64*c - 67. Give k(-33).
-1
Let z(k) = -2*k**3 + 5*k**2 - 2277*k + 9126. Calculate z(4).
-30
Let j(g) = 3100*g - 248003. Calculate j(80).
-3
Let s(x) = 18*x**2 - 1498*x + 18. Determine s(83).
-314
Let b(f) = -2483*f - 15282. Determine b(-6).
-384
Let b(t) = t**3 + 20*t**2 + 36*t - 768. Determine b(-20).
-1488
Let n(h) = 3*h**3 - 25*h**2 - 49*h + 459. Calculate n(8).
3
Let f(c) = 112*c**3 + 40*c**2 + 27*c - 6. Determine f(-1).
-105
Let b(x) = -1232*x**2 - 2469*x - 4. What is b(-2)?
6
Let c(s) = 18*s - 5067. Determine c(294).
225
Let u(r) = -979*r + 12378. Calculate u(10).
2588
Let b(a) = 871*a - 23445. Calculate b(27).
72
Let y(a) = -3*a**2 - 1299*a - 61371. What is y(-54)?
27
Let x(g) = -2793*g - 603301. Give x(-216).
-13
Let t(k) = -3*k**3 + 4*k**2 + 50*k + 49. Determine t(-4).
105
Let h(p) = p**2 - 825*p + 54175. Give h(72).
-41
Let p(f) = 4*f**2 + 6801*f - 47622. What is p(7)?
181
Let x(z) = -1375*z - 79784. Determine x(-58).
-34
Let t(y) = 14695*y - 470175. Determine t(32).
65
Let x(i) = -2*i**2 + 475*i + 5534. Determine x(-12).
-454
Let v(t) = -37230*t - 297879. What is v(-8)?
-39
Let t(z) = -2*z**3 + 74*z**2 + 79*z - 30. Determine t(38).
84
Let b(f) = 651*f**3 + 3906*f**2 + 27*f + 93. Calculate b(-6).
-69
Let n(u) = -2*u**2 - 30993*u - 495365. What is n(-16)?
11
Let p(m) = 79*m**2 + 268*m - 8173. Determine p(-12).
-13
Let d(v) = -v**2 + 945*v + 9507. What is d(-10)?
-43
Let v(y) = 